f 14?
False
Does 131 divide 636398?
True
Is 1978423 a multiple of 33?
False
Does 14 divide 35672?
True
Is 12 a factor of 2608?
False
Is 718496 a multiple of 8?
True
Does 6 divide 15443?
False
Does 161 divide 18837?
True
Is 89 a factor of 8836276?
True
Is 27 a factor of 1789263?
True
Is 50 a factor of 109985?
False
Does 53 divide 1478276?
True
Is 2676124 a multiple of 12?
False
Is 122320 a multiple of 74?
False
Does 537 divide 31768920?
True
Does 4 divide 835374?
False
Does 51 divide 10918641?
True
Does 157 divide 12703564?
False
Is 6251701 a multiple of 102?
False
Is 459 a factor of 2301300?
False
Does 36 divide 35811?
False
Is 65 a factor of 9440210?
True
Does 22 divide 251680?
True
Is 268040 a multiple of 8?
True
Is 1177183 a multiple of 53?
True
Is 7432500 a multiple of 50?
True
Is 15 a factor of 28060?
False
Is 1654176 a multiple of 11?
False
Does 53 divide 7568932?
False
Is 897720 a multiple of 5?
True
Is 27 a factor of 6792467?
False
Is 157 a factor of 256955?
False
Is 418271 a multiple of 7?
True
Is 17 a factor of 338912?
True
Is 406956 a multiple of 11?
True
Is 2 a factor of 238799?
False
Is 3 a factor of 646356?
True
Is 715627 a multiple of 7?
False
Does 69 divide 3344292?
True
Does 13 divide 24023563?
False
Does 116 divide 3422580?
True
Does 67 divide 1165121?
False
Does 9 divide 788139?
True
Does 163 divide 275552?
False
Is 84 a factor of 1268316?
True
Is 11 a factor of 4256789?
False
Is 1956062 a multiple of 24?
False
Does 459 divide 85833?
True
Does 7 divide 6160?
True
Does 278 divide 1112?
True
Is 91 a factor of 1807624?
True
Is 11 a factor of 61237?
True
Does 21 divide 325021?
False
Is 205 a factor of 121360?
True
Is 421 a factor of 1778725?
True
Does 36 divide 16596?
True
Does 5 divide 1279625?
True
Does 48 divide 180014?
False
Does 13 divide 20932?
False
Does 70 divide 1199667?
False
Is 194 a factor of 646214?
True
Does 307 divide 2694539?
True
Is 317350 a multiple of 110?
True
Is 128 a factor of 1371023?
False
Is 17 a factor of 16711?
True
Is 12920667 a multiple of 130?
False
Is 159076 a multiple of 245?
False
Is 119 a factor of 232764?
True
Does 10 divide 288103?
False
Is 9 a factor of 481491?
True
Is 12308 a multiple of 37?
False
Is 1163610 a multiple of 45?
True
Is 6917552 a multiple of 166?
True
Is 2316116 a multiple of 438?
False
Does 11 divide 2882539?
True
Is 42559 a multiple of 11?
True
Is 2266806 a multiple of 7?
False
Does 508 divide 5468990?
False
Is 3202105 a multiple of 31?
False
Is 940610 a multiple of 10?
True
Is 797925 a multiple of 33?
False
Does 12 divide 14073?
False
Is 591448 a multiple of 22?
True
Is 10 a factor of 986290?
True
Is 840440 a multiple of 20?
True
Is 93 a factor of 35586?
False
Does 6 divide 3486?
True
Does 112 divide 123325?
False
Does 36 divide 252217?
False
Is 310 a factor of 182590?
True
Is 31 a factor of 20519086?
True
Does 4 divide 8780?
True
Is 316 a factor of 1427688?
True
Is 323223 a multiple of 17?
False
Is 869546 a multiple of 43?
True
Is 444150 a multiple of 470?
True
Does 26 divide 1035341?
False
Is 47 a factor of 403025?
True
Is 4 a factor of 1297830?
False
Is 10 a factor of 18820?
True
Does 93 divide 510837?
False
Is 33 a factor of 35322?
False
Is 30 a factor of 12655302?
False
Does 29 divide 7787660?
True
Is 22657723 a multiple of 751?
False
Is 8 a factor of 2683904?
True
Is 43320 a multiple of 95?
True
Is 21 a factor of 7478144?
False
Is 5817915 a multiple of 1142?
False
Does 33 divide 1218030?
True
Does 29 divide 37542?
False
Is 74 a factor of 458272?
False
Does 67 divide 102463?
False
Is 548352 a multiple of 119?
True
Is 233 a factor of 299871?
True
Is 11 a factor of 690547?
True
Is 593 a factor of 3861616?
True
Is 254880 a multiple of 864?
True
Is 94241 a multiple of 299?
False
Is 31 a factor of 1002271?
False
Is 49938 a multiple of 203?
True
Is 31 a factor of 6119?
False
Does 30 divide 7158970?
False
Does 16 divide 20288?
True
Is 64 a factor of 405267?
False
Is 11 a factor of 199061?
False
Does 25 divide 165900?
True
Is 204135 a multiple of 2?
False
Is 634680 a multiple of 36?
True
Is 212620 a multiple of 4?
True
Does 658 divide 3463054?
True
Is 669256 a multiple of 74?
True
Is 26123 a multiple of 2?
False
Does 67 divide 427303?
False
Does 29 divide 3822200?
True
Does 286 divide 442918?
False
Is 242385 a multiple of 55?
True
Is 22 a factor of 3460204?
True
Does 1127 divide 2320358?
False
Is 21 a factor of 1481640?
False
Is 19 a factor of 23024870?
False
Does 249 divide 4875718?
False
Does 61 divide 13249?
False
Is 35295 a multiple of 3?
True
Is 386117 a multiple of 869?
False
Does 20 divide 67340?
True
Does 46 divide 96279?
False
Does 26 divide 1370965?
False
Does 171 divide 1144320?
False
Is 11 a factor of 799986?
True
Does 1135 divide 4089529?
False
Is 141642 a multiple of 3?
True
Is 119 a factor of 4423411?
False
Is 97870 a multiple of 46?
False
Is 287882 a multiple of 9?
False
Is 15115548 a multiple of 43?
False
Is 5660980 a multiple of 65?
True
Is 4 a factor of 2465055?
False
Is 530640 a multiple of 25?
False
Is 78101 even?
False
Is 14 a factor of 734151?
False
Is 161 a factor of 299229?
False
Does 11 divide 438416?
True
Is 32924 a multiple of 7?
False
Is 3 a factor of 3963834?
True
Is 5 a factor of 3716525?
True
Is 15 a factor of 211046?
False
Is 24245 even?
False
Is 7739721 a multiple of 35?
False
Is 385205 a multiple of 6?
False
Is 31 a factor of 267158?
True
Does 22 divide 689932?
False
Is 3750043 a multiple of 53?
False
Is 654533 a multiple of 278?
False
Is 186056 a multiple of 26?
True
Does 212 divide 148427?
False
Does 110 divide 35970?
True
Does 1040 divide 8519680?
True
Is 56277 a multiple of 117?
True
Does 11 divide 4137595?
True
Is 84 a factor of 106909?
False
Is 272464 a multiple of 25?
False
Does 202 divide 506818?
True
Does 12 divide 6270302?
False
Does 7 divide 25889?
False
Does 46 divide 221996?
True
Is 82 a factor of 2894792?
False
Does 82 divide 2274762?
True
Does 93 divide 597363?
False
Does 20 divide 585158?
False
Is 5656680 a multiple of 342?
True
Is 822680 a multiple of 157?
True
Does 426 divide 12789372?
True
Does 156 divide 262704?
True
Is 227 a factor of 27516940?
True
Does 34 divide 240680?
False
Does 98 divide 1093190?
True
Is 33 a factor of 158466?
True
Does 541 divide 328372?
False
Is 880698 a multiple of 78?
True
Is 2565384 a multiple of 556?
True
Does 670 divide 965269?
False
Does 10 divide 21260?
True
Is 1484243 a multiple of 103?
False
Does 2 divide 515092?
True
Is 428 a factor of 6206000?
True
Is 136407 a multiple of 652?
False
Does 331 divide 35417?
True
Is 57 a factor of 12513073?
False
Is 2554038 a multiple of 22?
False
Is 295 a multiple of 295?
True
Is 41 a factor of 6739409?
False
Does 78 divide 284622?
True
Is 298 a factor of 4485386?
False
Is 67897 a multiple of 43?
True
Does 67 divide 11249233?
True
Is 131 a factor of 2192585?
False
Does 31 divide 780642?
True
Is 3034297 a multiple of 7?
True
Does 26 divide 7015528?
True
Is 214851 a multiple of 4?
False
Is 3541702 a multiple of 11?
False
Is 39641 a multiple of 77?
False
Does 140 divide 245810?
False
Is 48 a factor of 16032?
True
Is 25 a factor of 15452100?
True
Is 104 a factor of 2106936?
True
Does 315 divide 1774395?
True
Is 2603524 a multiple of 79?
True
Does 18 divide 2797233?
False
Is 36575 a multiple of 95?
True
Is 877472 a multiple of 21?
False
Does 18 divide 38052?
True
Does 4 divide 120820?
True
Does 14 divide 78746?
False
Is 91 a factor of 106635?
False
Is 12863463 a multiple of 149?
False
Is 19182 a multiple of 24?
False
Does 16 divide 716352?
True
Is 135151 a multiple of 29?
False
Is 184437 a multiple of 27?
True
Is 2122230 a multiple of 1199?
True
Does 172 divide 2877044?
True
Is 1243 a factor of 16643770?
True
Is 791 a factor of 9957033?
False
Does 32 divide 1118390?
False
Is 25 a factor of 440400?
True
Does 311 divide 3678135?
False
Is 611850 a multiple of 5?
True
Is 548 a factor of 517860?
True
Is 1076420 a multiple of 214?
True
Is 159497 a multiple of 64?
False
Does 71 divide 1338492?
True
Does 106 divide 36074?
False
Is 112 a factor of 2261171?
False
Is 413 a factor of 2029069?
True
Does 76 divide 944455?
False
Is 136 a factor of 127702?
False
Is 32 a factor of 412637?
False
Is 9118520 a multiple of 1244?
True
Is 108219 a multiple of 43?
False
Does 65 di